193347 a prime number?
False
Is 5381 a composite number?
False
Is 15187 a prime number?
True
Is 95239 composite?
False
Is 38903 prime?
True
Is 41579 a prime number?
True
Is 85207 a prime number?
False
Is 869939 composite?
True
Is 482345 prime?
False
Is 20051 composite?
False
Is 19937 a prime number?
True
Is 4871 composite?
False
Is 125863 a composite number?
False
Is 504547 a composite number?
False
Is 2927 a prime number?
True
Is 5998 prime?
False
Is 10267 a composite number?
False
Is 13369 prime?
False
Is 630913 composite?
True
Is 501461 composite?
True
Is 153961 a composite number?
True
Is 1715947 prime?
False
Is 280417 a prime number?
False
Is 20287 a composite number?
False
Is 272951 prime?
False
Is 12991 prime?
False
Is 13859 prime?
True
Is 42509 composite?
False
Is 2359 a prime number?
False
Is 2459 prime?
True
Is 557891 a composite number?
False
Is 4139 prime?
True
Is 17691 a composite number?
True
Is 3341 a prime number?
False
Is 2767 prime?
True
Is 9029 prime?
True
Is 2953 prime?
True
Is 30461 prime?
False
Is 46169 prime?
False
Is 16795 a prime number?
False
Is 47539 composite?
True
Is 591083 prime?
False
Is 2049787 a prime number?
True
Is 7819 a composite number?
True
Is 72767 a composite number?
False
Is 1039 prime?
True
Is 47503 prime?
False
Is 87037 a composite number?
False
Is 50555 composite?
True
Is 4091 a composite number?
False
Is 458477 prime?
True
Is 4187 prime?
False
Is 50929 a prime number?
True
Is 731789 a composite number?
True
Is 29663 a composite number?
False
Is 63373 a composite number?
True
Is 935839 composite?
False
Is 191 prime?
True
Is 206027 a prime number?
True
Is 439 prime?
True
Is 37619 a composite number?
False
Is 7769 a prime number?
False
Is 47831 composite?
True
Is 3734195 a composite number?
True
Is 6433 prime?
False
Is 451765 a prime number?
False
Is 628154 a composite number?
True
Is 1621 composite?
False
Is 188249 composite?
False
Is 7151 composite?
False
Is 18329 prime?
True
Is 5585 a composite number?
True
Is 1591 a prime number?
False
Is 695159 a composite number?
True
Is 149 a prime number?
True
Is 34901 composite?
True
Is 7855 composite?
True
Is 771461 a prime number?
True
Is 9151 a composite number?
False
Is 3387 prime?
False
Is 1583 a composite number?
False
Is 53561 prime?
False
Is 9467 a prime number?
True
Is 50579 prime?
False
Is 33842 prime?
False
Is 31237 composite?
False
Is 34049 prime?
False
Is 783119 a composite number?
False
Is 23269 prime?
True
Is 7115 prime?
False
Is 1005203 composite?
False
Is 1187 a composite number?
False
Is 1081 a composite number?
True
Is 23417 composite?
False
Is 1095779 composite?
False
Is 475909 prime?
False
Is 52058 a composite number?
True
Is 7617 composite?
True
Is 75937 composite?
False
Is 35653 prime?
False
Is 728809 a composite number?
False
Is 72955 composite?
True
Is 25049 composite?
True
Is 642359 a composite number?
False
Is 501179 prime?
False
Is 81097 a composite number?
False
Is 265 composite?
True
Is 4696773 a composite number?
True
Is 6007 a composite number?
False
Is 22107 composite?
True
Is 561019 prime?
True
Is 478799 composite?
True
Is 29599 composite?
False
Is 479 prime?
True
Is 3677 a composite number?
False
Is 654839 a composite number?
False
Is 169471 prime?
True
Is 8251 a prime number?
False
Is 4511 a prime number?
False
Is 27973 a composite number?
True
Is 33227 a composite number?
True
Is 506449 composite?
False
Is 96847 composite?
False
Is 25811 composite?
True
Is 677 prime?
True
Is 21955 a composite number?
True
Is 119057 a composite number?
False
Is 46609 a composite number?
True
Is 39747 a prime number?
False
Is 18374 a composite number?
True
Is 2321 prime?
False
Is 48119 a composite number?
False
Is 10942 prime?
False
Is 1340179 composite?
False
Is 2819 composite?
False
Is 39062 composite?
True
Is 47037 prime?
False
Is 5981 a composite number?
False
Is 249155 prime?
False
Is 2579 a prime number?
True
Is 357971 a prime number?
False
Is 541 a prime number?
True
Is 47191 a prime number?
False
Is 9239 a prime number?
True
Is 143053 a prime number?
True
Is 14709 a composite number?
True
Is 5963 a composite number?
True
Is 4721 prime?
True
Is 627269 a composite number?
False
Is 310595 a composite number?
True
Is 417557 a composite number?
True
Is 43853 a prime number?
True
Is 1122179 a prime number?
True
Is 121861 a composite number?
True
Is 4373 a composite number?
False
Is 13441 a composite number?
False
Is 343639 a composite number?
False
Is 378283 a prime number?
True
Is 170537 a composite number?
False
Is 17891 prime?
True
Is 731351 a prime number?
False
Is 77387 composite?
True
Is 10901 composite?
True
Is 335507 a composite number?
False
Is 1018947 a prime number?
False
Is 26039 composite?
True
Is 30541 a composite number?
True
Is 1973 composite?
False
Is 17902 composite?
True
Is 25523 composite?
False
Is 89959 a prime number?
True
Is 1889 a composite number?
False
Is 88169 prime?
True
Is 120007 a composite number?
True
Is 9365 a composite number?
True
Is 708805 prime?
False
Is 4909 a composite number?
False
Is 355129 prime?
False
Is 1259 a prime number?
True
Is 4183 a prime number?
False
Is 156323 a composite number?
True
Is 16241 prime?
False
Is 413807 a composite number?
False
Is 7694 prime?
False
Is 118546 prime?
False
Is 7103 a composite number?
False
Is 111317 composite?
False
Is 2209 composite?
True
Is 19946 a prime number?
False
Is 856993 prime?
True
Is 56569 a composite number?
False
Is 91753 prime?
True
Is 1593241 a prime number?
False
Is 7269 a prime number?
False
Is 169107 a composite number?
True
Is 6898 composite?
True
Is 32569 composite?
False
Is 123953 a composite number?
False
Is 32603 prime?
True
Is 887161 a prime number?
False
Is 169399 prime?
True
Is 330637 a composite number?
True
Is 4322 a prime number?
False
Is 50678 a prime number?
False
Is 10789 a composite number?
False
Is 61511 a composite number?
False
Is 474511 composite?
True
Is 521981 a composite number?
False
Is 1246823 a composite number?
False
Is 41353 a prime number?
False
Is 96709 a prime number?
False
Is 541721 prime?
True
Is 118571 a prime number?
True
Is 17287 prime?
False
Is 206699 prime?
True
Is 9416965 composite?
True
Is 4919 prime?
True
Is 80023 prime?
False
Is 2161 composite?
False
Is 199313 composite?
False
Is 330371 a prime number?
False
Is 69807 prime?
False
Is 53477 prime?
False
Is 35345 prime?
False
Is 148787 a prime number?
False
Is 383587 composite?
False
Is 13303 composite?
True
Is 33518 prime?
False
Is 181739 a composite number?
False
Is 3554 composite?
True
Is 74593 composite?
True
Is 743047 a composite number?
False
Is 107581 a prime number?
True
Is 534029 composite?
False
Is 1721 a prime number?
True
Is 1340617 prime?
True
Is 359 a prime number?
True
Is 629683 composite?
False
Is 14519 a prime number?
True
Is 71477 prime?
False
Is 33739 a composite number?
False
Is 63293 prime?
False
Is 807571 prime?
True
Is 32161 prime?
False
Is 1027 a prime number?
False
Is 74434 composite?
True
Is 293 a composite number?
False
Is 1949 composite?
False
Is 40193 prime?
True
Is 16529 a composite number?
False
Is 3013 prime?
False
Is 113891 composite?
False
Is 122363 a composite number?
False
Is 1823 a composite number?
False
Is 10739 a prime number?
True
Is 850933 a prime number?
True
Is 5623 a prime number?
True
Is 1623 prime?
False
Is 17245 a composite number?
True
Is 10021 a prime number?
False
Is 3098 composite?
True
Is 14689 a composite number?
True
Is 174203 composite?
True
Is 50671 prime?
True
Is 32501 a prime number?
False
Is 115129 prime?
False
Is 75007 prime?
False
Is 8207 a prime number?
False
Is 70781 a prime number?
False
Is 5147 a composite number?
False
Is 42593 composite?
True
Is 3388103 a composite number?
True
Is 787939 composite?
False
Is 190829 composite?
False
Is 281913 prime?
False
Is 77579 a composite number?
True
Is 6629 prime?
False
Is 31957 a composite number?
False
Is 45145 a prime number?
False
Is 77681 a composite number?
False
Is 60419 a prime number?
False
Is 1112613 a composite number?
True
Is 1081173 a composite number?
True
Is 30211 composite?
False
Is 83737 a composite number?
False
Is 8267 composite?
True
Is 7523 composite?
False
Is 2153 prime?
True
Is 541201 a composite number?
False
Is 1585 a com